et o(k) = 4*k**2 - k**y + k + 2*k**2 + k**3 - k**2. Give o(-2).
6
Let r(x) = 23*x + 4. Let z(g) = -g - 1. Let s = 209 + -204. Let u(q) = s*z(q) + r(q). Determine u(-1).
-19
Let l(g) = -1721 - 1729 + 8*g**2 + 5177 - g**3 - 1732 - 4*g. Determine l(8).
-37
Let s(l) = -66*l - 201. Let i = -3467 - -3464. Determine s(i).
-3
Suppose 4*s - 3*o = 22, -3*s = -3*o - o - 20. Suppose -5*t = -3*t + s*i, 3*t - 4*i = -10. Let f(r) = r - 2. Calculate f(t).
-4
Suppose 23*g = 5*g + 108. Suppose 0 = 7*v - 9*v + g. Let o(u) = u**2 - 6*u + 2. What is o(v)?
-7
Let h(v) be the first derivative of 1/4*v**4 + 8 - 7/2*v**2 + 7/3*v**3 + 10*v. Let w(g) = -g**2 + 9*g + 14. Let x be w(11). Determine h(x).
2
Let u(c) be the second derivative of c**5/60 + c**4/12 - c**3/2 - 37*c**2/2 + 251*c. Let o(h) be the first derivative of u(h). Suppose -t - 3 = -0. Give o(t).
0
Let n be 10/3*993/(-662). Let p(w) = -w**3 - 2*w**2 - 2*w + 4. Calculate p(n).
89
Let i(c) = -235*c**2 - 19*c - 1. Let f(a) = 864*a**2 + 74*a + 3. Let d(r) = 3*f(r) + 11*i(r). Determine d(-2).
0
Let i be (13 - 11) + ((-1)/(-2) - 2). Let r(p) be the first derivative of 12 - p + i*p**2. Determine r(1).
0
Let j(u) = 16*u**2 + 69*u + 36. Let k(q) = 39*q**2 + 146*q + 73. Let a(h) = -5*j(h) + 2*k(h). What is a(-26)?
-8
Let r(x) be the third derivative of x**6/120 + 3*x**5/20 + 7*x**4/24 - x**3/3 - 211*x**2 - 1. Determine r(-8).
6
Suppose 0 = 10*n - 14*n + 28. Let k(f) be the first derivative of f**3/3 - 2*f**2 - 9*f - 640. Calculate k(n).
12
Let f(c) = 2*c**2 + 2*c - 7. Let a(m) = 8. Let o(h) = 19. Let k(d) = 14*a(d) - 6*o(d). Let q(n) = f(n) - 5*k(n). Give q(-3).
15
Let w(u) = -u**3 + u**2 - 1. Let d(y) = 7*y**3 - 13*y**2 - 9*y + 12. Let j(c) = d(c) + 6*w(c). Suppose 27*f - 7281 = -7065. Determine j(f).
-2
Let f(n) = 134*n**2 - n**3 + 0*n**3 + 10 + 2*n - 143*n**2 + 11. Give f(-9).
3
Let g(h) be the first derivative of -2*h**2 + 27*h - 1728. What is g(-13)?
79
Suppose -3*u = -4*d + 25, -d - 11 = 5*u - 0*d. Let r(b) be the second derivative of 5*b**3/6 - 2*b**2 - 3*b + 1124. Give r(u).
-19
Let c(s) = 123*s + 862. Let x be c(-7). Let h(a) = 83*a. Give h(x).
83
Let p(n) = -n**2 - 26*n + 28. Suppose 0 = -23*k - 562 - 59. Let b be p(k). Let l(q) = -7*q**3 + q**2 + q - 1. What is l(b)?
-6
Let u(y) be the second derivative of 17*y**5/60 + y**4/24 - y**3/6 + 39*y**2/2 + 2*y + 1. Let d(s) be the first derivative of u(s). Give d(1).
17
Let h be (198/12 + 0)*(4 - 128/24). Let m(w) = -2*w**2 - 44*w + 20. Calculate m(h).
20
Let n(k) = k**3 + 21*k**2 + 21*k + 24. Let a(u) = -u**3 - 20*u**2 - 20*u - 26. Let h(z) = -2*a(z) - 3*n(z). What is h(-22)?
2
Let z(h) be the first derivative of h**3 - 5*h**2/2 - 4*h + 87. Let l be (21/42)/(2/16). What is z(l)?
24
Let u be 3*(2/(-15))/((-3)/15). Suppose u*v - 6 = -4*i, -2*i - 4 = -5*i - 2*v. Let t(p) = -28*p - p**3 - 6*p**i + 23*p - 3 + 0*p**2. Determine t(-5).
-3
Let h = -33 - -64. Let p(s) = 6*s + 45 - 5*s - h. Determine p(0).
14
Suppose 3*x + x - 26 = -5*f, -5*x = -2*f - 16. Let g be 5/(-3)*(-6)/5. Let s(b) = 2*b + b - 1 + b - g. Give s(f).
5
Let u(i) be the second derivative of -i**5/20 + i**4 - 4*i**3/3 - 25*i**2/2 - 642*i. Determine u(11).
8
Let p(x) = -5*x - 133. Suppose -40 = 172*d + 5120. What is p(d)?
17
Suppose -5*i - 20 = 5. Let n be i + (-27)/(-9) + (5 - 0). Let s(v) = -v**3 + v**2 + 3*v + 4. Determine s(n).
-5
Let j(i) = 4. Let f(x) = -2*x - 7. Let r(y) = -3*f(y) - 5*j(y). Let s(a) = -a - 11. Let c be s(-8). Let n(t) = t**2 + 5*t + 4. Let m be n(c). Determine r(m).
-11
Let a(l) = -8*l + 7. Let y(x) = -2*x**2 + 0*x**2 - 12*x + 17*x - 49 - 17*x + 4*x**2. Let d be y(-3). Give a(d).
-33
Let k(w) = 5*w**2 + 3*w. Let d be k(-1). Suppose 15 = -6*z + 2*z - 5*s, 0 = -3*z - d*s - 20. Let t(q) = 2*q + 11. Determine t(z).
-9
Let z = 299 - 270. Let n = -21 + z. Let v(h) = h**2 - 8*h + 8. Give v(n).
8
Let s(y) = -y + 3. Let b(n) = -n**2 - 12*n + 14. Suppose -u + l = u + 24, 0 = -5*u + 3*l - 59. Let t be b(u). Let w = -4 - t. Give s(w).
8
Let z = -2756 + 2749. Let o(j) = j**2 + 10*j + 19. Calculate o(z).
-2
Let j(n) = -n**3 - 15 - 48*n**2 - 45*n**2 + 3*n + 101*n**2 - 6*n - 8*n. Give j(6).
-9
Let y(p) = -p**3 - 21*p**2 + 50*p + 95. Let c be y(-23). Let b = 125 - 39. Let t(x) = x + 86 - b. Calculate t(c).
3
Let t = 32 + -27. Let q(c) = c**2 - 6*c + 4. Let w be q(t). Let z(o) = 2*o - o + 6*o - 2*o. Determine z(w).
-5
Let m be 9 + (2 - 1) - 2. Let w(x) = 0*x + 8*x + x**2 - 2436 - 17*x + 2448. What is w(m)?
4
Let x = -1075 - -1069. Let w(p) = p**2 - 2*p - 2. Calculate w(x).
46
Let v(b) = b**3 + 6*b**2 - b - 27. Let t be v(-5). Let c(y) = 3*y**2 - 4*y**2 + 2*y**2 + y**t + 17 + y. What is c(0)?
17
Suppose -11 = -3*n - o - 9, -2*n = o. Let r(z) = -1 + 5 - 4 + 14*z**n - z + 0*z. Determine r(1).
13
Let h(g) be the first derivative of -g**2 - 17*g + 3221. Give h(-9).
1
Suppose 1178*r - 1123*r = -275. Suppose 0 = 5*u - d - 11, -22 = -2*u + 3*d - 7*d. Let x(n) = -6 + u*n + 0 + 3*n + n**2. Calculate x(r).
-11
Let n = -6154 + 6139. Let c(s) = -s**2 - 14*s - 10. What is c(n)?
-25
Let b(v) be the second derivative of 0 + 1/8*v**4 + 9*v - 19/3*v**3 + 0*v**2 + 1/120*v**5. Let a(q) be the second derivative of b(q). Determine a(-3).
0
Let r(m) = -m**3 - 33 + 17*m**2 - 5*m**2 + 10*m - 13*m - 7*m**2 + 4*m**2. Calculate r(8).
7
Let i(h) be the third derivative of -h**4/8 - 79*h**3/6 - 2*h**2 - 22. Let t be i(-26). Let g(c) = 11*c + 1. Give g(t).
-10
Let u = 650 - 664. Let n(q) = -q**3 + q**2 + q + 1. Let j(h) = 3*h**3 + 13*h**2 + 13*h + 7. Let p(m) = j(m) + 2*n(m). What is p(u)?
-5
Suppose 5*y = 3*b - 285 + 346, -y = 5*b + 55. Let z(u) = u**2 + 3*u - 1 - 6*u + 0*u**2. What is z(y)?
9
Let t(b) be the first derivative of -13/2*b**2 + 9 - 3/2*b**3 + 1/12*b**4 - 39*b. Let j(u) be the first derivative of t(u). What is j(11)?
9
Let g(t) = t - 8. Let u(w) = -47 - 42 + 90 - w. Let o(h) = -3*g(h) - 6*u(h). Determine o(-9).
-9
Let w(i) = -7425*i - 56 - 2*i**2 + 3699*i + 3697*i. What is w(-12)?
4
Let d(y) be the third derivative of -y**6/60 - 53*y**5/60 + 29*y**4/24 + 20*y**3/3 + y**2 + 286. What is d(-27)?
-14
Let d(j) be the first derivative of j**4/4 - 3*j**3 - 5*j**2 + j + 144. Let w be 40/(-16)*1*-4. Calculate d(w).
1
Suppose -37*d = 68*d + 869 - 134. Let a(m) = 2*m**2 + 17*m + 15. Determine a(d).
-6
Let r(u) be the second derivative of u**3/2 - 14*u**2 + 2064*u. Give r(11).
5
Let n(w) = 1 - 3*w + 2165*w**2 - 4337*w**2 + 2171*w**2. Suppose -18*m + 3 = 3. Give n(m).
1
Let m = -223 - -227. Suppose 5*b = m*b + 4*a + 8, 3*a + 6 = 3*b. Let c(i) = i + 7. What is c(b)?
7
Let l be 48/(-22) + (-4)/(-22) + 6. Let h(t) = 55*t - 20*t - 18*t - 21*t + t**3 - 3 - l*t**2. Determine h(5).
2
Suppose 87 = 3*l + 129, 0 = -5*t + 3*l + 67. Let g(v) = -v**3 - 13*v + 7. Let y(j) = -2*j**3 + j**2 - 25*j + 14. Let m(i) = -11*g(i) + 6*y(i). What is m(t)?
-3
Let a(j) = 2 - 1039*j + 2*j**3 - 1 + 1030*j + 6*j**2. Calculate a(-4).
5
Let m(u) = -2*u**3 + 6*u**2 - 6. Let p(r) = -r**3 - 51*r**2 + 115*r + 481. Let w be p(-53). Calculate m(w).
-38
Suppose 16*t - 33*t + 217 - 64 = 0. Let y(i) = 14*i - 125. Calculate y(t).
1
Let d(x) = 2*x - 22. Let m be d(11). Let z be 4 + m + (6 - -2). Suppose 0 = z*q - 4*q + 24. Let s(h) = -h - 3. Give s(q).
0
Suppose -k - 5 = 0, -2*r + 3*k + 1 = -376. Let z = r + -128. Let x = z - 50. Let p(t) = 4*t. Calculate p(x).
12
Let a(c) = c**3 + 14*c**2 - 15*c + 17. Let m be (-38 - -12) + (-1 - -12). Give a(m).
17
Let d = 1362 + -1358. Let w(t) = -t + 2. What is w(d)?
-2
Let j(f) = 5*f**2 - f - 1. Let v(b) = -27 + 44*b - 14*b - 31*b. Let s be v(-26). Determine j(s).
5
Let i = -61 + 59. Let b(t) = -4*t**3 + 5*t**2 - 12*t - 10. Let r(u) = -3*u**3 + 6*u**2 - 10*u - 10. Let s(p) = i*b(p) + 3*r(p). Determine s(7).
-3
Suppose -1755 = -11*x - 34*x. Suppose 204 = -12*r - x*r. Let w(v) = -v**2 - 5*v. Calculate w(r).
4
Let u(w) = 10*w + 221. Let v be u(-22). Suppose -2*b + 4*n - 10 = 0, 5*n + v = -2*b - 36. Let a(o) = o**3 + 11*o**2 + 2*o + 18. What is a(b)?
-4
Let x(f) be the third derivative of f**6/120 - f**5/20 - 5*f**4/24 + 4*f**3/3 + f**2 + 857. Determine x(4).
4
Let x(v) = 1 + 2 - 4 + 0*v**2 - v**2 + v - 18*v**3. Suppose -9*p = -5*p - w - 8, 0 = -2*p - 5*w - 18. Determine x(p).
-19
Let z(w) = -w**3 - 6*w**2 - w - 5. Suppose -2*t + 